5 - -3 - (6 - 6)) + (-8 - -13))
-27
Calculate (15 - -3) + (-3 - (-24 + -11 + 11)).
39
Evaluate (19 + -43 - -61) + -122 + (2 - -8).
-75
What is -39 - -3 - -89 - 87?
-34
What is the value of -9 + (64 - 23) + -47 - (44 - -1)?
-60
What is -41 + 44 + (-2 - (9 - -3)) - (23 - 3)?
-31
What is (-236 - 1) + 241 - (100 + 0)?
-96
(-2 + 14 + 0 - 15) + -31
-34
11 - (-61 + (-8 + (-18 - -14) - -22))
62
438 - 444 - (41 + (-7 + 3 - -6))
-49
What is 54 + (-21 - 11) + -26?
-4
Evaluate 99 - (-15 + (5 - -15)) - (15 + -1).
80
Evaluate 46 - (146 + (51 - 135)).
-16
What is the value of -58 + 58 + 65 + -45?
20
Calculate -9 + (2 + -30 - -23) - (-28 + (-5 - 0)).
19
What is 71 + (25 - 91) - 18?
-13
Evaluate 1 - (-72 - -31) - 43.
-1
Evaluate 7 - (31 + 7 - 12).
-19
Evaluate (19 - (-9 - -14) - 24 - -11) + 52.
53
What is 2 - -8 - (31 + -10 + -39) - 2?
26
-59 + 48 + -18 + 30 + -3
-2
Evaluate (-22 - -20 - 12) + (-1 - -14) + 41.
40
6 + 18 - (142 - (20 + 0))
-98
Calculate -29 - (-5 + -4 + 19 - 22).
-17
-77 + (-4 + 82 - -34)
35
Calculate -12 + 3 + -9 + 49 - (-1 + -7).
39
(-13 - (-15 + 14) - -17) + (3 - 12)
-4
What is (51 - 223) + 95 - -3?
-74
What is the value of -51 - (-1149 - -1133 - (130 - -1))?
96
What is (-58 - -45 - -19) + -36 - 36?
-66
Evaluate -1 - (-82 + 1 + 0) - (495 - (769 + -272)).
82
Calculate 7 - (-45 + 3 + 34 - (2 + -13)) - -95.
99
What is 43 + 55 + (-51 - 40)?
7
Calculate -2 - (51 - 17) - -11.
-25
Evaluate 8 - (-2 - -6 - (23 - (23 + -26 + 8))).
22
-74 + 5 - (1252 - 1319)
-2
What is the value of -27 - (7 + -1 - 10 - 24)?
1
-32 + (-31 - 8 - -21) + 29
-21
-56 - ((301 - 288) + (0 - 26))
-43
What is 2 - 91 - (-733 + 707 + 31 + 0)?
-94
What is the value of (-4 - (2 + -3 + -4)) + (33 - 38 - -10)?
6
94 - (139 + 26 - -2)
-73
57 + -3 + -2 + -899 + 944
97
Calculate (-2 - -32) + 5 + -12 + -35 + 41.
29
What is -41 + (13 - (-30 + -29))?
31
-12 + -16 + 8 + -11 + 5 + -16
-42
Calculate 39 + -73 - 21 - -95.
40
Evaluate 31 + (48 - 24) + -41.
14
What is -4 + 15 - (-1402 + 1458)?
-45
Calculate -3 + (-2 - (-30 - -33)) + (16 - -2).
10
What is 1 + (-11 + -7 - (63 - 33))?
-47
Calculate -2 + -144 + -2729 + 2772.
-103
0 - 37 - (33 + -65 + -1 + 15 - -18)
-37
What is the value of 79 - (83 + 8 + -116)?
104
(-15 - -45 - 30 - (1 + 52 + -3)) + -6
-56
Evaluate (-104 - -177) + -133 - 61.
-121
Calculate 3920 + -3885 - (-10 + 7 - (-1 + 11)).
48
What is the value of 0 + 2 + -9 - (12 - (19 + -13))?
-13
Calculate 51 - (59 + 0 + -27).
19
Evaluate (7 - (6 + -4 + 0 + 2)) + -63 + 119.
59
7 + 44 + 21 - (-3 - (0 + -2))
73
Evaluate -32 + 1 + 19 + (33 - 1).
20
Evaluate -139 + (-45 - -35) + 65.
-84
(-39 - (8 + -22 - -8)) + -21
-54
Calculate (-3 - (15 + -37)) + -25 + 12 - (-45 - 0).
51
What is 20 + -42 + 21 + 14 - 9?
4
Evaluate -2 - (-1 - (43 - 57)).
-15
Evaluate (34 + -18 + -10 - -52) + (-1 - 7).
50
Evaluate 18 - (23 + (-12 - 1) + -4).
12
What is (-35 + 39 - (-10 - (3 + -6))) + -43?
-32
Calculate 5 + (-18 - (-3 + 27 - -75)) + -20.
-132
What is the value of 17 - 10 - (-3 + -4 + 3)?
11
What is 38 - -3 - (-205 + 280)?
-34
Evaluate -32 - (-42 - -13 - 11) - 107.
-99
148 - (-36 + 201) - (-19 - (0 - -3))
5
Evaluate (-5 - (27 - 36 - -5)) + 5 + -75.
-71
What is (38 + -71 - -5) + 0?
-28
Calculate 0 - ((37 - (19 + 18)) + -32).
32
What is (7 - 12) + (22 - 37) + 43?
23
What is (1 - 92) + (25 - 176) + 182?
-60
What is the value of (211 - 349 - -110) + 102 + -2?
72
What is the value of (-137 + 4 - (-19 - -21)) + (-41 - -60)?
-116
Evaluate 44 + -1 + 714 + -740.
17
What is the value of (-14 - -1) + (-24 - (19 + -16)) + -13 + 12?
-41
110 + (172 - 111 - 31)
140
-18 + 17 + 52 + (10 - 4 - -3)
60
Evaluate (4 - -75 - (42 + -31)) + (1 - -17).
86
Evaluate (60 - (4 + -31)) + -89.
-2
Evaluate -1 - (27 - (10 - 27 - 1)).
-46
What is the value of 4 - ((-2 - -13) + (33 - 82) + 29 + 38)?
-25
Evaluate (2 - 3 - 46) + (-6 - -10) + (7 - 3).
-39
Calculate 0 - -3 - (-5 + 22 + -8) - (1005 + -940).
-71
What is 34 + -25 + 0 + -4?
5
What is -55 + (1 - 6) + 26?
-34
-15 + -8 + -24 + 23 - 90 - -10
-104
13 + -49 + 70 - 28
6
What is 14 + -36 - -7 - (-10 - -1) - 11?
-17
Calculate 497 + -488 + 2 + -19 + -43.
-51
What is the value of (-89 - (-8 - 83)) + (-1 - 1) - -70?
70
What is the value of (-56 - -32 - 3) + (23 - 55)?
-59
Calculate 4188 + -4201 + (12 - (-3 - -6 - 2)).
-2
Evaluate (2 + -3 - -4 - -1) + -7204 + 7212.
12
-1 + -2 + (1 - (0 - -18)) - (-133 + 121)
-8
Calculate 1 - -14 - (-7519 - -7547).
-13
Evaluate -37 + ((11 + -41 - -20) + 2 + 20 - 0).
-25
Calculate -137 + 136 + -164 + 81.
-84
Evaluate (5 - (-31 - 2)) + -26 - 121.
-109
What is the value of -6 - -5 - (-3 + 4) - (488 - 528)?
38
Calculate -73 - -1 - (375 - 416).
-31
What is 18 + 6 - (353 + -331)?
2
What is 137 + -125 + -28 - (1 + 0 + 1 + 28)?
-46
What is the value of (25 - 21) + 9 + (-6 - (-62 + 9))?
60
What is 3 + -6 + -3 - (-113 + 113) - -33?
27
Calculate 1 + -4 - (-20 + (3 - (-4 + -19))).
-9
What is the value of (28 + -22 - -32) + -34?
4
Calculate 1 - -10 - ((132 - 19) + -203) - -22.
123
(-4 - (-9 - 20)) + -33 - 12
-20
Calculate 14 + (-35 - (2 + -27 + 2)).
2
What is 9 - 14 - 17 - (-80 + 135)?
-77
What is (-20 - (13 + -5 - 23 - 4)) + 10?
9
Calculate 20 - ((-92 - -96) + -3 + -1 - 9) - -8.
37
-46 + -1 - (-148 + 105) - (44 + -1)
-47
What is the value of (140 - 130) + -1 + 26 + (-3 + 1 - -13)?
46
What is the value of -19 - -11 - (29 + (3 - (-6 + 6)))?
-40
What is the value of 1 + 0 - (-128 - -8 - -103)?
18
What is the value of (-44 - -73) + (-7 - 49)?
-27
Calculate -52 + 66 - (-4 + 0) - 36.
-18
Calculate -25 - (-16 + (21 - (0 + 2))).
-28
Evaluate (0 + (-1 - -9) - ((-4 - -29) + -42)) + 0.
25
4 - ((-15 - (23 - 39)) + 12)
-9
What is 25 + 6 + -17 + (16 - 141) + -27?
-138
What is the value of (2 - (-52 - 1)) + (157 - 352 - -212)?
72
Calculate 12 - 68 - -37 - -3.
-16
Calculate 5 + 1 + (-3 - (-31 + -1 + -5)).
40
-20 + 7 + 13 + 0 + 0 - (163 + -152)
-11
Calculate -78 + 41 + -3 + 19.
-21
108 + (-35 - 116) + 112
69
What is the value of (2 - (4 + -2)) + (-24 - -42 - 15) + 8?
11
What is the value of (32 - 50) + -13 + 3?
-28
-1 + -2 - ((-4 - -3) + 5) - (-580 + 529)
44
Calculate (74 - 0) + (-61 - -130 - 82 - (1 + -5)).
65
Evaluate (13 - 19) + (-9 - -16) + 9 + 0 + 3.
13
What is the value of -68 + (135 - 60) - 45?
-38
Evaluate 13 - (-25 + 17 - (-79 - (-8 - (5 + -9)))).
-54
What is -35 + 8 + (-17 - -29) + -58?
-73
What is the value of -71 + 259 + -196 - (-1 - -1 - (3 - -27))?
22
0 + (-1 - 0) + (-67 - -44)
-24
(8 - -9) + (29 - 31) + -1 + 4
18
-7 + (3 - 1 - (-22 + -34 + 17)) + -1
33
Calculate 77 - (-45 + -1 - -173).
-50
Evaluate (71 - 97 - (-1 - -119)) + -6 + (22 - 7).
-135
Evaluate (-11 - -3) + (17 - (0 + 106 + 2)).
-99
-7 + -49 + (-63 - -96) - 70
-93
What is -28 - (29 + 2 + 25 - 27)?
-57
What is 6741 - 6836 - (-14 + 0)?
-81
What is 54 + 77 + -205 - (-4 - 5)?
-65
What is -250 + (192 - -73) - (71 - -1)?
-57
What is 48 + 1 + -137 + 29?
-59
What is the value of (51 - 56) + 52 - 27?
20
Evaluate -1 + -9 - (-212 - -183 - (-3 + 6)).
22
Evaluate (-34 + 43 - (-10 - -12)) + 19.
26
What is -33 - (8 + 44 + -24 + -17)?
-44
Evaluate -1 - (-65 + 171 + -61).
-46
Calculate -46 + 82 + -38 - 69.
-71
Evaluate -668 + 650 + 6 + (-3 - -2 - -115).
102
43 + -115 - (-4 + -18 + 9 + -2)
-57
What is the value of (-2 - 2 - 6) + (-57 - -84 - -67)?
84
Calculate 9 + 10 + 2 - (38 + -26) - 33.
-24
-35 - (33 + -201) - (-14 - 0)
147
What is the value of -12 - (51 + 54 + -94)?
-23
What is the value of 1 + (-1 - (21 - 37 - -18))?
-2
Evaluate 9 - 58 - -57 - (-6 + 19).
-5
Evaluate 105 - 99 - -81 - 72.
15
Evaluate -2 + 27 + -35 + 13 + 30 - 10.
23
Calculate -87 - -47 - (-76 - -4) - 77.
-45
What is 23 + (-16 - 27) + 20 + -36?
-36
Calculate -10 - (-46 - ((7 - 12) + (6 - 12))).
25
320 + (-188 - 127) + (0 - (18 + -1))
-12
Calculate -13 - -2 - (387 - 350) - 23.
-71
-9 - (7 + (-7 + 14 - 25)) - (28 - -89)
-115
Evaluate -4 + -42 + -8 + 63.
9
What is (11 - (36 - -32)) + 12?
-45
Evaluate -30 + 100 + 5 + 17 + -47.
45
Evaluate (18 - -1) + (-3 + -1 - (-67 - (-94 - -32))).
20
Evaluate -42 + -3 + 28 + (-6 + 112 - 0).
89
What is (30 + -136 - 36) + (-3 + 9 - -2) + 0?
-134
What is the value of (-44 - -37) + 8 + (27 - 13)?
15
What is the value of -87 + 82 - -114 - -4?
113
What is the value of (-2 - 0) + 13 + -10 + (4 - -6) + 44?
55
What is (-47 - (-67 + 93)) + -16?
-89
Calcula